e remainder when 616184 is divided by 147.
107
What is the remainder when 156567 is divided by 21?
12
What is the remainder when 1223878139 is divided by 9705?
9704
Calculate the remainder when 116834 is divided by 16629.
431
What is the remainder when 104951 is divided by 2985?
476
Calculate the remainder when 1001031 is divided by 474.
417
What is the remainder when 5719767 is divided by 187?
185
What is the remainder when 1367350 is divided by 9000?
8350
What is the remainder when 13375376 is divided by 51?
14
Calculate the remainder when 6758778 is divided by 469.
19
Calculate the remainder when 1996185 is divided by 2354.
2347
What is the remainder when 40114 is divided by 39467?
647
What is the remainder when 39558 is divided by 3367?
2521
Calculate the remainder when 29229490 is divided by 73.
71
Calculate the remainder when 961086 is divided by 41786.
8
Calculate the remainder when 133453275 is divided by 574.
571
What is the remainder when 904005 is divided by 802?
151
Calculate the remainder when 3415846 is divided by 503.
476
Calculate the remainder when 837062 is divided by 650.
512
What is the remainder when 8209025 is divided by 83?
76
Calculate the remainder when 24743 is divided by 321.
26
What is the remainder when 1067107 is divided by 45?
22
Calculate the remainder when 1105086256 is divided by 11467.
11466
What is the remainder when 394639464 is divided by 9474?
9468
What is the remainder when 3757358 is divided by 1402?
1400
What is the remainder when 1397203 is divided by 579?
76
Calculate the remainder when 1429539 is divided by 140.
139
Calculate the remainder when 39344593 is divided by 43141.
1
What is the remainder when 481317 is divided by 1934?
1685
Calculate the remainder when 24746083 is divided by 38366.
13
Calculate the remainder when 1293830 is divided by 1372.
34
What is the remainder when 416671 is divided by 6412?
6303
Calculate the remainder when 451728 is divided by 149147.
4287
What is the remainder when 11933 is divided by 639?
431
What is the remainder when 2849967 is divided by 407133?
36
What is the remainder when 48184 is divided by 2291?
73
What is the remainder when 89003 is divided by 44488?
27
Calculate the remainder when 9722304 is divided by 475.
4
What is the remainder when 4128335 is divided by 678?
671
What is the remainder when 295622 is divided by 890?
142
Calculate the remainder when 10628201 is divided by 207.
200
Calculate the remainder when 10895718 is divided by 19015.
123
What is the remainder when 119021 is divided by 645?
341
Calculate the remainder when 1223923 is divided by 1746.
1723
Calculate the remainder when 13242714 is divided by 1880.
1874
Calculate the remainder when 93060 is divided by 536.
332
What is the remainder when 363496 is divided by 35750?
5996
What is the remainder when 165375339 is divided by 1914?
1911
What is the remainder when 337255 is divided by 1107?
727
What is the remainder when 66672571 is divided by 1587441?
49
What is the remainder when 19008 is divided by 9330?
348
What is the remainder when 4866657 is divided by 27188?
5
Calculate the remainder when 234213 is divided by 1172.
985
What is the remainder when 137045 is divided by 8532?
533
What is the remainder when 5154633 is divided by 55426?
15
Calculate the remainder when 23323165 is divided by 8303.
38
Calculate the remainder when 126600 is divided by 6663.
3
Calculate the remainder when 13688034 is divided by 1881.
1878
What is the remainder when 176359 is divided by 694?
83
Calculate the remainder when 14524798 is divided by 505.
493
Calculate the remainder when 2693145 is divided by 48.
9
What is the remainder when 92009 is divided by 876?
29
What is the remainder when 98833313 is divided by 283190?
3
What is the remainder when 852792669 is divided by 8025?
8019
What is the remainder when 3488297 is divided by 151662?
71
Calculate the remainder when 30590 is divided by 4984.
686
Calculate the remainder when 83345 is divided by 6944.
17
What is the remainder when 90833735 is divided by 4241?
4238
Calculate the remainder when 3452769 is divided by 9809.
1
What is the remainder when 1860471 is divided by 61991?
741
What is the remainder when 5383321 is divided by 11577?
16
Calculate the remainder when 71169 is divided by 2778.
1719
Calculate the remainder when 185220 is divided by 61.
24
Calculate the remainder when 49441 is divided by 4091.
349
What is the remainder when 10058718 is divided by 156?
150
What is the remainder when 61209230 is divided by 142?
130
What is the remainder when 51303 is divided by 51295?
8
What is the remainder when 532573 is divided by 68?
65
Calculate the remainder when 2133768 is divided by 236.
92
Calculate the remainder when 62866 is divided by 12549.
121
What is the remainder when 388707 is divided by 94?
17
What is the remainder when 21033591 is divided by 1200?
1191
Calculate the remainder when 9784514 is divided by 18323.
32
What is the remainder when 5745677 is divided by 2649?
2645
What is the remainder when 1653011 is divided by 550808?
587
Calculate the remainder when 2690495 is divided by 14543.
40
What is the remainder when 28923747 is divided by 631?
600
What is the remainder when 47268 is divided by 3588?
624
What is the remainder when 314425 is divided by 6164?
61
What is the remainder when 443528 is divided by 63350?
78
What is the remainder when 1156416 is divided by 31253?
55
Calculate the remainder when 276040 is divided by 5737.
664
What is the remainder when 13457763 is divided by 2081?
2017
Calculate the remainder when 886102 is divided by 489.
34
Calculate the remainder when 610131 is divided by 410.
51
What is the remainder when 259191 is divided by 3222?
1431
Calculate the remainder when 34622 is divided by 5631.
836
Calculate the remainder when 1703363094 is divided by 47.
45
Calculate the remainder when 16913 is divided by 5632.
17
Calculate the remainder when 6818115 is divided by 35327.
4
Calculate the remainder when 1944204 is divided by 2805.
339
Calculate the remainder when 187207079 is divided by 33.
26
Calculate the remainder when 71548 is divided by 7147.
78
Calculate the remainder when 29066399 is divided by 150.
149
What is the remainder when 420952 is divided by 281?
14
What is the remainder when 96315440 is divided by 48157713?
14
What is the remainder when 8103002 is divided by 173?
28
What is the remainder when 21775559 is divided by 80057?
55
What is the remainder when 56456 is divided by 2471?
2094
Calculate the remainder when 189278542 is divided by 10196.
10194
What is the remainder when 342445 is divided by 2?
1
What is the remainder when 138029414 is divided by 771114?
8
Calculate the remainder when 159923 is divided by 14341.
2172
What is the remainder when 17229360 is divided by 48?
0
Calculate the remainder when 17396982 is divided by 831.
828
What is the remainder when 96409 is divided by 276?
85
Calculate the remainder when 31099 is divided by 15481.
137
Calculate the remainder when 17582710 is divided by 141.
10
Calculate the remainder when 1487993 is divided by 14.
3
What is the remainder when 3803177 is divided by 2067?
1964
What is the remainder when 2792896 is divided by 906?
604
What is the remainder when 472127626 is divided by 123?
121
Calculate the remainder when 9035766 is divided by 135.
81
Calculate the remainder when 19129273 is divided by 4323.
4321
Calculate the remainder when 33733204 is divided by 152.
148
Calculate the remainder when 283477 is divided by 1611.
1552
Calculate the remainder when 79088686 is divided by 744.
742
What is the remainder when 361592509 is divided by 197?
191
What is the remainder when 6550767 is divided by 27640?
87
Calculate the remainder when 510795 is divided by 39268.
311
What is the remainder when 13267876 is divided by 6633932?
12
What is the remainder when 4242578 is divided by 326349?
41
Calculate the remainder when 14300679 is divided by 16.
7
What is the remainder when 38479 is divided by 275?
254
What is the remainder when 8171771 is divided by 19?
4
What is the remainder when 1577662 is divided by 68594?
0
Calculate the remainder when 577242876 is divided by 20.
16
Calculate the remainder when 100469 is divided by 665.
54
What is the remainder when 60071